{"id":189,"date":"2017-03-27T09:40:19","date_gmt":"2017-03-27T09:40:19","guid":{"rendered":"http:\/\/dev.md-clinic.pt\/?page_id=189"},"modified":"2020-05-12T10:33:41","modified_gmt":"2020-05-12T10:33:41","slug":"ana-rita-carmo","status":"publish","type":"page","link":"https:\/\/www.md-clinic.pt\/en\/ana-rita-carmo\/","title":{"rendered":"Ana Rita Carmo"},"content":{"rendered":"<div class=\"col-lg-12 col-md-12 col-sm-12 col-xs-12\">\r\n<h3>Educa\u00e7\u00e3o<\/h3>\r\n<p>2016 &#8211; P\u00f3s gradua\u00e7\u00e3o em Terapia de Casal no CPSB \u2013 Centro de Psicoterapia Som\u00e1tica em Bioss\u00edntese Curso de Forma\u00e7\u00e3o Pedag\u00f3gica Inicial de Formadores.<br \/>\r\n2014 &#8211; Membro da European Association for Psycotherapy.<br \/>\r\n2007 &#8211; P\u00f3s-gradua\u00e7\u00e3o em Psicoterapia Som\u00e1tica em Bioss\u00edntese no CPSB \u2013 Centro de Psicoterapia Som\u00e1tica em Bioss\u00edntese.<br \/>\r\n2004 &#8211; Terapeuta Florais Saint Germain.<br \/>\r\n2002 &#8211; Terceiro N\u00edvel de Reiki.<br \/>\r\n1998 &#8211; Licenciatura em Psicologia Cl\u00ednica e de Aconselhamento na Universidade Lus\u00f3fona de Humanidades e Tecnologias.<br \/>\r\nPsic\u00f3loga Cl\u00ednica membro efetivo da ordem dos psic\u00f3logos e especialista em Psicologia Cl\u00ednica e da Sa\u00fade. Especializa\u00e7\u00f5es em Psicoterapia, Terapia de Casal e Hipnoterapia.<\/p>\r\n<\/div>\r\n<div class=\"col-lg-12 col-md-12 col-sm-12 col-xs-12\">\r\n<h3>Profissional<\/h3>\r\n<p>Desde 2015 &#8211; Professora\/Formadora da P\u00f3s-Gradua\u00e7\u00e3o em Bioss\u00edntese CPSB \u2013 Centro de Psicoterapia Som\u00e1tica em Bioss\u00edntese.<br \/>\r\nDesde 2014 &#8211; Supervisora de Psicoterapeutas em Est\u00e1gio da P\u00f3s-gradua\u00e7\u00e3o em Bioss\u00edntese.<br \/>\r\nDesde 2009 &#8211; Diretora da Cl\u00ednica de Acompanhamento Terap\u00eautico de Baixo Custo, CPSB \u2013 Centro de Psicoterapia Som\u00e1tica em Bioss\u00edntese.<br \/>\r\n2008\/2012 &#8211; Professora\/Assistente no 8\u00ba curso de P\u00f3s-gradua\u00e7\u00e3o em Bioss\u00edntese no CPSB \u2013 Centro de Psicoterapia Som\u00e1tica em Bioss\u00edntese.<br \/>\r\n2005\/2009 &#8211; Acompanhamento cl\u00ednico a adolescentes e adultos na Cl\u00ednica \u201cTratse\u201d na Parede.<br \/>\r\n1999\/2009 &#8211; Acompanhamento cl\u00ednico a adolescentes e adultos na Cl\u00ednica M\u00e9dica \u201cS\u00e3o Paulo\u201d na Malveira.<\/p>\r\n<\/div>\r\n<div class=\"col-lg-12 col-md-12 col-sm-12 col-xs-12\">\r\n<h3>Pessoal<\/h3>\r\n<p>Tenho muitas paix\u00f5es na minha vida, a minha fam\u00edlia, o mar, a montanha, o som dos p\u00e1ssaros, medita\u00e7\u00e3o, e muitas mais. Venho de uma fam\u00edlia grande e desde muito cedo que sentia que tinha uma vontade em compreender e ajudar os outros e a mim mesma. Na altura queria ajudar tudo e todos, mais tarde percebi que isso chama-se voca\u00e7\u00e3o. Sinto que tenho a melhor profiss\u00e3o do mundo, poder acompanhar os meus pacientes numa etapa do seu caminho e mostrar-lhes os cruzamentos, eles escolhem para onde querem ir e eu acompanho-os, eles vivem experi\u00eancias, sentem emo\u00e7\u00f5es, observam as suas cren\u00e7as, encontram sol e chuva, pedras e flores, e vamos dan\u00e7ando com o que a vida vai trazendo. \u00c0s vezes conseguimos retirar as pedras, outras vezes contornamo-las, outras ficamos molhados com a tempestade, e outras vezes felizes ao sentir o sol. Acompanhar o meu paciente neste caminho \u00e9 o que confere signific\u00e2ncia ao trabalho que desenvolvo, poder ajudar algu\u00e9m a alterar os seus estados de ang\u00fastia, ansiedade, desconforto, ou profundo mal-estar e encontrar um recurso, uma constru\u00e7\u00e3o, \u00e9 um desafio que faz sentido todos os dias. Um caminho que tamb\u00e9m fa\u00e7o na minha viagem da vida.<\/p>\r\n<div>\u201cS\u00f3 o amor n\u00e3o basta\u201d. Cada um traz uma bagagem diferente, alem do amor ter\u00e1 que existir comunica\u00e7\u00e3o, confian\u00e7a, intimidade \u00a0e partilha.<\/div>\r\n<div>A terapia de casal torna-se um recurso precioso, serve para ajudar a resolver dificuldades existentes na rela\u00e7\u00e3o do casal e promove solu\u00e7\u00f5es para que o casal encontre\u00a0 o seu sentido, a sua for\u00e7a, a sua intimidade.<\/div>\r\n<div>Se reconhece que a sua rela\u00e7\u00e3o poderia beneficiar de consultas de terapia de casal, n\u00e3o perca tempo.<\/div>\r\n<div>\u00a0<\/div>\r\n<p>Despe\u00e7o-me com esta frase: \u201c\u2026Um terapeuta \u00e9 uma alma ferida\u2026\u201d David Boadella.<\/p>\r\n<\/div>\r\n<div class=\"col-lg-12 col-md-12 col-sm-12 col-xs-12\">\r\n<h3>Especialidade<\/h3>\r\n<p><span style=\"color: #c9c9c9;\">Psicologia Cl\u00ednica |<\/span> <a href=\"\/psicoterapia-corporal\/\">Psicoterapia Corporal<\/a><\/p>\r\n<\/div>\r\n<div class=\"col-lg-12 col-md-12 col-sm-12 col-xs-12\">\u00a0<\/div>\r\n<div class=\"col-lg-12 col-md-12 col-sm-12 col-xs-12\">\r\n<div class=\"separator\">\u00a0<\/div>\r\n<\/div>\r\n<div class=\"col-lg-12 col-md-12 col-sm-12 col-xs-12\">\u00a0<\/div>\r\n<div class=\"col-lg-12 col-md-12 col-sm-12 col-xs-12\">\r\n<div class=\"col-lg-12 col-md-12 col-sm-12 col-xs-12\">\r\n<div class=\"col-lg-12 col-md-12 col-sm-12 col-xs-12\"><a href=\"\/margarida-garcia\/\">Margarida Garcia<\/a><\/div>\r\n<div class=\"col-lg-12 col-md-12 col-sm-12 col-xs-12\"><a href=\"\/pedro-mr-veiga\/\">Pedro MR Veiga<\/a><\/div>\r\n<div class=\"col-lg-12 col-md-12 col-sm-12 col-xs-12\"><a href=\"\/ines-alves\/\">In\u00eas Alves<\/a><\/div>\r\n<div class=\"col-lg-12 col-md-12 col-sm-12 col-xs-12\">Ana Rita Carmo<\/div>\r\n<div class=\"col-lg-12 col-md-12 col-sm-12 col-xs-12\"><a href=\"\/veronica-pinto-bruesten\/\">Ver\u00f3nica Pinto-Bruesten<\/a><\/div>\r\n<div class=\"col-lg-12 col-md-12 col-sm-12 col-xs-12\"><a href=\"\/ana-galhardo\/\">Ana Galhardo<\/a><\/div>\r\n<div class=\"col-lg-12 col-md-12 col-sm-12 col-xs-12\"><a href=\"\/vera-sedas\/\">Vera Sedas<\/a><\/div>\r\n<div class=\"col-lg-12 col-md-12 col-sm-12 col-xs-12\"><a href=\"\/marcia-sampaio\/\">M\u00e1rcia Sampaio<\/a><\/div>\r\n<div><a href=\"\/miguel-lopes\/\">Miguel Lopes<\/a><\/div>\r\n<div><a href=\"\/diana-pinheiro\/\">Diana Pinheiro<\/a><\/div>\r\n<div><a href=\"\/pedro-viega\/\">Pedro Viegas<\/a><\/div>\r\n<div><a href=\"\/ana-julia-lima\/\">Ana J\u00falia Lima<\/a><\/div>\r\n<div><a href=\"\/sascha-anna-vriend\/\">Sascha Anna Vriend<\/a><\/div>\r\n<div><a href=\"\/carina-guerreiro\/\">Carina Guerreiro<\/a><\/div>\r\n<\/div>\r\n<\/div>","protected":false},"excerpt":{"rendered":"<p>Educa\u00e7\u00e3o 2016 &#8211; P\u00f3s gradua\u00e7\u00e3o em Terapia de Casal no CPSB \u2013 Centro de Psicoterapia Som\u00e1tica em Bioss\u00edntese Curso de Forma\u00e7\u00e3o Pedag\u00f3gica Inicial de Formadores. 2014 &#8211; Membro da European Association for Psycotherapy. 2007 &#8211; P\u00f3s-gradua\u00e7\u00e3o em Psicoterapia Som\u00e1tica em Bioss\u00edntese no CPSB \u2013 Centro de Psicoterapia Som\u00e1tica em Bioss\u00edntese. 2004 &#8211; Terapeuta Florais Saint &hellip; <a href=\"https:\/\/www.md-clinic.pt\/en\/ana-rita-carmo\/\" class=\"more-link\">Ler mais<span class=\"screen-reader-text\"> &#8220;Ana Rita Carmo&#8221;<\/span><\/a><\/p>\n","protected":false},"author":1,"featured_media":190,"parent":0,"menu_order":0,"comment_status":"closed","ping_status":"closed","template":"","meta":{"footnotes":""},"class_list":["post-189","page","type-page","status-publish","has-post-thumbnail","hentry"],"_links":{"self":[{"href":"https:\/\/www.md-clinic.pt\/en\/wp-json\/wp\/v2\/pages\/189","targetHints":{"allow":["GET"]}}],"collection":[{"href":"https:\/\/www.md-clinic.pt\/en\/wp-json\/wp\/v2\/pages"}],"about":[{"href":"https:\/\/www.md-clinic.pt\/en\/wp-json\/wp\/v2\/types\/page"}],"author":[{"embeddable":true,"href":"https:\/\/www.md-clinic.pt\/en\/wp-json\/wp\/v2\/users\/1"}],"replies":[{"embeddable":true,"href":"https:\/\/www.md-clinic.pt\/en\/wp-json\/wp\/v2\/comments?post=189"}],"version-history":[{"count":21,"href":"https:\/\/www.md-clinic.pt\/en\/wp-json\/wp\/v2\/pages\/189\/revisions"}],"predecessor-version":[{"id":1659,"href":"https:\/\/www.md-clinic.pt\/en\/wp-json\/wp\/v2\/pages\/189\/revisions\/1659"}],"wp:featuredmedia":[{"embeddable":true,"href":"https:\/\/www.md-clinic.pt\/en\/wp-json\/wp\/v2\/media\/190"}],"wp:attachment":[{"href":"https:\/\/www.md-clinic.pt\/en\/wp-json\/wp\/v2\/media?parent=189"}],"curies":[{"name":"wp","href":"https:\/\/api.w.org\/{rel}","templated":true}]}}

<div class="col-lg-12 col-md-12 col-sm-12 col-xs-12">
<h3>Educação</h3>
<p>2016 &#8211; Pós graduação em Terapia de Casal no CPSB – Centro de Psicoterapia Somática em Biossíntese Curso de Formação Pedagógica Inicial de Formadores.<br />
2014 &#8211; Membro da European Association for Psycotherapy.<br />
2007 &#8211; Pós-graduação em Psicoterapia Somática em Biossíntese no CPSB – Centro de Psicoterapia Somática em Biossíntese.<br />
2004 &#8211; Terapeuta Florais Saint Germain.<br />
2002 &#8211; Terceiro Nível de Reiki.<br />
1998 &#8211; Licenciatura em Psicologia Clínica e de Aconselhamento na Universidade Lusófona de Humanidades e Tecnologias.<br />
Psicóloga Clínica membro efetivo da ordem dos psicólogos e especialista em Psicologia Clínica e da Saúde. Especializações em Psicoterapia, Terapia de Casal e Hipnoterapia.</p>
</div>
<div class="col-lg-12 col-md-12 col-sm-12 col-xs-12">
<h3>Profissional</h3>
<p>Desde 2015 &#8211; Professora/Formadora da Pós-Graduação em Biossíntese CPSB – Centro de Psicoterapia Somática em Biossíntese.<br />
Desde 2014 &#8211; Supervisora de Psicoterapeutas em Estágio da Pós-graduação em Biossíntese.<br />
Desde 2009 &#8211; Diretora da Clínica de Acompanhamento Terapêutico de Baixo Custo, CPSB – Centro de Psicoterapia Somática em Biossíntese.<br />
2008/2012 &#8211; Professora/Assistente no 8º curso de Pós-graduação em Biossíntese no CPSB – Centro de Psicoterapia Somática em Biossíntese.<br />
2005/2009 &#8211; Acompanhamento clínico a adolescentes e adultos na Clínica “Tratse” na Parede.<br />
1999/2009 &#8211; Acompanhamento clínico a adolescentes e adultos na Clínica Médica “São Paulo” na Malveira.</p>
</div>
<div class="col-lg-12 col-md-12 col-sm-12 col-xs-12">
<h3>Pessoal</h3>
<p>Tenho muitas paixões na minha vida, a minha família, o mar, a montanha, o som dos pássaros, meditação, e muitas mais. Venho de uma família grande e desde muito cedo que sentia que tinha uma vontade em compreender e ajudar os outros e a mim mesma. Na altura queria ajudar tudo e todos, mais tarde percebi que isso chama-se vocação. Sinto que tenho a melhor profissão do mundo, poder acompanhar os meus pacientes numa etapa do seu caminho e mostrar-lhes os cruzamentos, eles escolhem para onde querem ir e eu acompanho-os, eles vivem experiências, sentem emoções, observam as suas crenças, encontram sol e chuva, pedras e flores, e vamos dançando com o que a vida vai trazendo. Às vezes conseguimos retirar as pedras, outras vezes contornamo-las, outras ficamos molhados com a tempestade, e outras vezes felizes ao sentir o sol. Acompanhar o meu paciente neste caminho é o que confere significância ao trabalho que desenvolvo, poder ajudar alguém a alterar os seus estados de angústia, ansiedade, desconforto, ou profundo mal-estar e encontrar um recurso, uma construção, é um desafio que faz sentido todos os dias. Um caminho que também faço na minha viagem da vida.</p>
<div>“Só o amor não basta”. Cada um traz uma bagagem diferente, alem do amor terá que existir comunicação, confiança, intimidade  e partilha.</div>
<div>A terapia de casal torna-se um recurso precioso, serve para ajudar a resolver dificuldades existentes na relação do casal e promove soluções para que o casal encontre  o seu sentido, a sua força, a sua intimidade.</div>
<div>Se reconhece que a sua relação poderia beneficiar de consultas de terapia de casal, não perca tempo.</div>
<div> </div>
<p>Despeço-me com esta frase: “…Um terapeuta é uma alma ferida…” David Boadella.</p>
</div>
<div class="col-lg-12 col-md-12 col-sm-12 col-xs-12">
<h3>Especialidade</h3>
<p><span style="color: #c9c9c9;">Psicologia Clínica |</span> <a href="/psicoterapia-corporal/">Psicoterapia Corporal</a></p>
</div>
<div class="col-lg-12 col-md-12 col-sm-12 col-xs-12"> </div>
<div class="col-lg-12 col-md-12 col-sm-12 col-xs-12">
<div class="separator"> </div>
</div>
<div class="col-lg-12 col-md-12 col-sm-12 col-xs-12"> </div>
<div class="col-lg-12 col-md-12 col-sm-12 col-xs-12">
<div class="col-lg-12 col-md-12 col-sm-12 col-xs-12">
<div class="col-lg-12 col-md-12 col-sm-12 col-xs-12"><a href="/margarida-garcia/">Margarida Garcia</a></div>
<div class="col-lg-12 col-md-12 col-sm-12 col-xs-12"><a href="/pedro-mr-veiga/">Pedro MR Veiga</a></div>
<div class="col-lg-12 col-md-12 col-sm-12 col-xs-12"><a href="/ines-alves/">Inês Alves</a></div>
<div class="col-lg-12 col-md-12 col-sm-12 col-xs-12">Ana Rita Carmo</div>
<div class="col-lg-12 col-md-12 col-sm-12 col-xs-12"><a href="/veronica-pinto-bruesten/">Verónica Pinto-Bruesten</a></div>
<div class="col-lg-12 col-md-12 col-sm-12 col-xs-12"><a href="/ana-galhardo/">Ana Galhardo</a></div>
<div class="col-lg-12 col-md-12 col-sm-12 col-xs-12"><a href="/vera-sedas/">Vera Sedas</a></div>
<div class="col-lg-12 col-md-12 col-sm-12 col-xs-12"><a href="/marcia-sampaio/">Márcia Sampaio</a></div>
<div><a href="/miguel-lopes/">Miguel Lopes</a></div>
<div><a href="/diana-pinheiro/">Diana Pinheiro</a></div>
<div><a href="/pedro-viega/">Pedro Viegas</a></div>
<div><a href="/ana-julia-lima/">Ana Júlia Lima</a></div>
<div><a href="/sascha-anna-vriend/">Sascha Anna Vriend</a></div>
<div><a href="/carina-guerreiro/">Carina Guerreiro</a></div>
</div>
</div>

<p>Educação 2016 &#8211; Pós graduação em Terapia de Casal no CPSB – Centro de Psicoterapia Somática em Biossíntese Curso de Formação Pedagógica Inicial de Formadores. 2014 &#8211; Membro da European Association for Psycotherapy. 2007 &#8211; Pós-graduação em Psicoterapia Somática em Biossíntese no CPSB – Centro de Psicoterapia Somática em Biossíntese. 2004 &#8211; Terapeuta Florais Saint &hellip; <a href="https://www.md-clinic.pt/en/ana-rita-carmo/" class="more-link">Ler mais<span class="screen-reader-text"> &#8220;Ana Rita Carmo&#8221;</span></a></p>
